*h - 34. Calculate the greatest common divisor of h and 17.
1
Let q(i) = -i**2 - 11*i - 16. Suppose -24 - 6 = 5*j. Let k be q(j). What is the highest common factor of 98 and k?
14
Let i(p) = -p**2 + 15*p - 17. Let c be i(8). What is the greatest common divisor of c and 26?
13
Let x(a) = 4*a - 17 - 63 - a + 0*a. Let v be x(28). What is the greatest common factor of v and 64?
4
Suppose -5*w - 4 = 4*u, 0 = 4*u + 4*w + 6 - 2. Let h be (4 + u)*4/(-3). Let y = 7 + h. Calculate the highest common factor of y and 3.
3
Let j(i) = 5*i**2 - 109*i - 22. Let p be j(23). Calculate the greatest common divisor of p and 928.
116
Let f = 122 - 112. Let i = 18 - 14. Calculate the highest common divisor of i and f.
2
Suppose -221*m + 219*m = 0. Suppose m = 3*a + i - 78, 0 = a + 2*i + 3*i - 26. Let u = 560 - 352. Calculate the greatest common divisor of a and u.
26
Let x = 247 + -42. Calculate the highest common divisor of 10 and x.
5
Let z = -2208 + 2458. Calculate the greatest common divisor of 10 and z.
10
Suppose -11*z - 72 = -15*z. Suppose 30 = 4*h + z. What is the highest common factor of 21 and h?
3
Let u be ((-4)/(-16) - (-1)/4)*24. Let r be (-3)/u + 100/16. What is the greatest common divisor of 24 and r?
6
Let u(f) = f**3 + 3*f**2 - 2*f - 1. Let d be u(-3). Suppose 2*l - d*l = -6. Let r = 17 + -9. What is the highest common divisor of r and l?
2
Suppose 0 = -3*h + 7*h - 3044. Suppose -h - 359 = -5*y. What is the greatest common factor of 28 and y?
28
Let n = 121 + -97. What is the highest common factor of n and 216?
24
Suppose 4*k - 995 = -4*y + 653, -2*k + y + 818 = 0. What is the greatest common divisor of 164 and k?
82
Let f be 7896/(-70) + 1/(-5). Let m = f - -145. Calculate the greatest common factor of m and 16.
16
Suppose 3*p + 4*y = 5*p - 4, -2 = 2*y. Suppose -u + 123 + 9 = p. Calculate the highest common divisor of 12 and u.
12
Suppose -4*f - 146 = -2*w, 2*f = -w - f + 83. Let h = -34 + w. What is the highest common factor of h and 344?
43
Suppose 2*k - 1100 = -3*k. Suppose t - 91 = -99. Let g be -4 + 33 + t + 1 + -2. What is the highest common factor of k and g?
20
Suppose -2*s + 1812 = 3*w, -2716 = -3*s + 2*w - 6*w. What is the highest common factor of 100 and s?
100
Let t = 296 - 163. Calculate the highest common factor of t and 7.
7
Let p(g) = 0*g + g + 11 + 6 + 18*g**2 - 22. Let h be p(2). What is the highest common factor of 23 and h?
23
Suppose 2*n - 4*m = -n + 221, -2*n - 4*m = -154. Suppose -4*b = -b - n. What is the greatest common divisor of 325 and b?
25
Let k = -5 + 9. Let b be 114*5/10 + 2. Suppose 0 = -10*u + 61 + b. Calculate the highest common factor of k and u.
4
Let l = 164 - 179. Let v(p) = -9*p + p + 17 - p**2 - 6*p. Let o be v(l). Calculate the greatest common divisor of 4 and o.
2
Let j = -209 + 238. Let q be 31 - 5/(-2)*(-20)/25. Calculate the greatest common divisor of j and q.
29
Let g be 3/(15/(-10)) - -5. Suppose r - 2 = -2*w + w, g*w = 5*r + 22. Calculate the highest common factor of w and 4.
4
Let w = -282 - -418. Let k = 281 - w. What is the highest common divisor of 58 and k?
29
Let r be ((-166)/1660)/((-2)/380). Let h(v) = -v**2 + 5*v - 1. Let s be h(2). Suppose -s*t + 2*t = -285. Calculate the greatest common factor of r and t.
19
Let t(l) = -l**2 - 16*l + 6. Let v = 45 + -58. Let a be t(v). Calculate the highest common divisor of a and 30.
15
Suppose 3*k = -2 + 5, -3059 = -5*j + k. Suppose -7*u + j = -3*u. Calculate the greatest common divisor of 17 and u.
17
Suppose v - 3*s = 131, -2*v + 162 = 2*s - 68. Calculate the greatest common factor of 17 and v.
17
Let f = 118 - 56. Calculate the greatest common factor of f and 465.
31
Suppose 272 = 6*o - 292. Calculate the greatest common divisor of o and 329.
47
Let d(f) = 1 + 5 - 3*f + 0*f + f. Let r be d(-8). Calculate the highest common divisor of 33 and r.
11
Let t be (4/22)/((-4)/(-1892)). Calculate the highest common divisor of t and 301.
43
Let k = 919 - 637. Calculate the greatest common factor of k and 6.
6
Let d(b) = b**2 - 7*b - 138. Let h be d(17). Suppose -213 + 853 = 5*k. What is the greatest common divisor of h and k?
32
Let p = -11 - -13. Let t be 5/10 - 9/p. Let i be 2/3*(-42)/t. Calculate the greatest common factor of 28 and i.
7
Suppose -4*r + 56 = 4*f, -4*f = -7*r + 10*r - 53. Let h be 2/4 + (-44)/(-8). Suppose h*s - s = 55. What is the highest common divisor of f and s?
11
Let s(x) = -29*x - 75. Let z be s(-6). Calculate the greatest common divisor of z and 11.
11
Let t(k) = -7*k - 59. Let u be t(-27). What is the highest common factor of 10 and u?
10
Let t(x) be the first derivative of -x**3/3 + 4*x**2 + 3*x + 3. Let l be t(7). Let j be 4*-2*12/(-24). What is the greatest common factor of j and l?
2
Let p be (-6)/33 - (35296/(-44) - -2). Suppose -6*k + 2*k = -p. What is the greatest common divisor of k and 25?
25
Let w be 63/(-147) - (-22)/(-14). Let t be 76 - (-3 - (w - 2)). What is the greatest common divisor of t and 50?
25
Let j = 556 + -506. What is the greatest common divisor of j and 175?
25
Suppose 214*d = 224*d - 480. Calculate the highest common divisor of 912 and d.
48
Let s = 22 - 19. Let a = -5 + s. Let y = 37 - a. What is the greatest common factor of 26 and y?
13
Suppose -161*z + 44 = -157*z. Let k = 3 - 1. Suppose 0 = -5*u + 3 + k. What is the greatest common factor of z and u?
1
Let l = 1157 - 1138. Let v(j) = -208*j**3 + 1. Let p be v(-1). What is the greatest common factor of p and l?
19
Suppose 190 = -3*y + 5*i, -62 = y - 0*y - 3*i. Let x = 10 - y. Calculate the highest common divisor of 30 and x.
15
Let m(j) = j**2 + 8*j + 9. Let i be m(-7). Suppose w + 1 = -g, -g = i*w + 2*w - 11. Suppose w*r + 0 = 8. What is the highest common divisor of 16 and r?
2
Let u be 1 - (1 - 0 - 126). Let n = -640 - -658. Calculate the greatest common factor of u and n.
18
Suppose -5*o + 0*o = -2*w - 994, 5*w - 1015 = -5*o. Let a(c) = c**2 + 4*c - 12. Let l be a(4). What is the greatest common divisor of l and o?
20
Suppose 3*u - 8*u + 130 = 0. Suppose u = 3*q - m, -3*q - 3*m + 2*m + 16 = 0. Suppose q - 112 = -7*z. Calculate the greatest common divisor of 5 and z.
5
Suppose 0 = 4*w - 115 - 173. Suppose -2*a + w = 6*a. What is the highest common divisor of 1 and a?
1
Suppose 0 = -3*f - 4 + 10. Suppose 0 = f*w + 3*o - 550, 2*w - 159 = -o + 399. Suppose 3*q - w = 313. What is the highest common factor of q and 18?
18
Let z be 48112/48 + (-1 - 4/(-6)). Let g = z - 602. Calculate the highest common divisor of g and 50.
50
Let t(w) = 2*w - 10. Let r be t(6). Let p be 1156/24 + r/(-12). What is the highest common factor of p and 12?
12
Let h(d) = 3*d**3 - 3*d**2 + 24*d - 61. Let u be h(3). What is the highest common factor of u and 520?
65
Suppose -2*o + 13 = -29. Suppose -t + 12 = 2*t. Suppose -2*z + 4 = 0, -3*s = -0*s - t*z - 1. What is the highest common divisor of o and s?
3
Let v(k) = 604*k - 1747. Let p be v(3). Let l(x) = x**3 + 7*x**2 + 5*x + 4. Let s be l(-6). What is the highest common divisor of p and s?
5
Suppose 9*y - 240 = 5*y. Let h = 40 + y. Calculate the highest common divisor of 20 and h.
20
Let m be 5 + -1 - 4/2. Suppose 0 = 2*o - 6*o + 12. Calculate the greatest common divisor of o and m.
1
Suppose 380 = -3*j + 2417. What is the highest common divisor of j and 194?
97
Suppose 4*m + m - 23 = -p, -2*p = 4*m - 28. Suppose -3*l + 27 = -9. What is the highest common factor of p and l?
4
Let v = -34 + 58. What is the highest common factor of v and 12?
12
Suppose -6*t - 22 = -220. Suppose -f + 0*f - 5*g = -45, -f + t = 2*g. Calculate the highest common divisor of f and 75.
25
Suppose 379*c - 382*c = -33. Let j be -1 + (-1)/1 + 24. What is the highest common divisor of c and j?
11
Let p(g) = -g - 4. Let r be p(-8). Suppose -11 = -15*j + 4. Let y = j + r. Calculate the greatest common factor of y and 45.
5
Let o be (-34)/(-10) + 6/10. Let j = o - -3. Let p = 6 - -1. What is the highest common factor of j and p?
7
Suppose -3*n = 9 + 57. Let s be n/(-4) + 57/(-38). What is the highest common factor of s and 36?
4
Let r = -24 - -47. Let j = -427 - -1947. Let n be 1/(j/506 + -3). Calculate the greatest common factor of r and n.
23
Let t = 90 + -30. What is the greatest common factor of 60 and t?
60
Let x = -2 + 23. Let u = x - -203. Suppose -5